*w**3 - 1/24*w**4 - 1/15*w**y + 0 + 0*w + 3*w**2 - 1/120*w**6. What is u(-4)?
0
Let o(l) be the second derivative of -2*l - 1/12*l**4 + 0 + 1/2*l**3 + 7/2*l**2. What is o(5)?
-3
Let a(k) be the third derivative of -k**6/120 - k**5/12 + 7*k**4/24 + k**3 + 53*k**2. What is a(-6)?
0
Let m(k) be the second derivative of k**6/120 - k**5/15 + k**3/3 + k**2 + 3*k. Let i(n) be the first derivative of m(n). Let a = -7 - -11. Determine i(a).
2
Let s(q) = 5*q**3 + q - 1. Suppose -5*r - 3*c = -0*c - 46, 5*r - 64 = 3*c. Suppose -p = -6*z + 4*z - r, -3*p + 3*z + 24 = 0. Let y = 6 - p. What is s(y)?
5
Let x(f) be the third derivative of -3*f**2 + 2/3*f**3 + 0*f**4 + 0*f + 1/120*f**6 + 0 + 1/20*f**5. Give x(-3).
4
Let s(x) = -3*x + 5*x - 4 - 3*x. Calculate s(-6).
2
Let b(y) be the first derivative of -y**3/3 - 3*y + 1. Let f = -9 + 7. Let r = f - -2. Calculate b(r).
-3
Let a(k) = 13*k**3 - 2*k - 1. Suppose 3*b - 3 = 15. Let h = -7 + b. Give a(h).
-12
Let s(a) = a + 4. Let t(y) = -y**2 - 3*y + 11. Let p be t(-6). Determine s(p).
-3
Let r(v) = -4*v - 5 + 3*v + 1. Let k(u) = u**2 - 5*u + 6. Let g be k(2). Calculate r(g).
-4
Let l be 0/(1 - (-12)/(-4)). Let j(u) = l - 1 - 3 - u. What is j(0)?
-4
Let c(p) = 3*p + 7*p**2 + 7 + 6*p - 3*p - p**3 - 7*p. Give c(7).
0
Let o(d) = d**2 - 6*d + 2. Suppose -4*x - 3*m = -12, x - 8*m = -4*m + 22. Determine o(x).
2
Let o(c) = -3*c - 1. Suppose -2*q = 9 - 15. What is o(q)?
-10
Suppose 10*f - 5*f + 10 = o, 0 = o + 3*f + 6. Let d be 0*(1 - o/4). Let k(a) = -a**2 + a - 13. Give k(d).
-13
Let g(y) = -7*y**2 - 8*y + 9. Let d(z) = -3*z**2 - 4*z + 4. Let o(j) = -5*d(j) + 2*g(j). Calculate o(-6).
10
Suppose -3*d + 3*k = 27, k + 4*k = 3*d + 33. Let o(g) = -4*g - 3. Give o(d).
21
Let z(o) = -2*o**3 + 2*o**2 + 3*o - 2. Let p be z(2). Let m(d) = -9*d**2 + 8*d + 3. Let y(q) = 5*q**2 - 5*q - 2. Let k(v) = 4*m(v) + 7*y(v). Give k(p).
-6
Let l(u) = 16*u + u**2 - 6*u - 8 - 2*u**2. What is l(6)?
16
Let b(k) be the second derivative of k**4/4 - 2*k**3/3 + 4*k**2 - 2*k. Let s(r) = r**2 - r - 1. Let i(w) = -b(w) + 4*s(w). Calculate i(0).
-12
Let h(a) = a**3 + 5*a**2 + 5*a - 2. Let t = -2 - -2. Suppose t = -2*o + 7*o - 5. Suppose u = -3 - o. Determine h(u).
-6
Let q(v) be the third derivative of -2/3*v**3 + 1/24*v**4 + 0 + 1/120*v**6 + 0*v - 2*v**2 + 1/12*v**5. Determine q(-4).
8
Let j(d) = -2*d**3 + 3*d**2 - 3*d + 3. Let l be j(2). Suppose -3*i - 3*i - 66 = 0. Let n = l - i. Let b(v) = -v**2 + 4*v - 2. Determine b(n).
-2
Let l be ((-12)/8*-2)/(-1). Let n = 3 - 2. Let q(b) = 0 + 3 - n + b. Give q(l).
-1
Let g(a) = -a - a + 0 + 6*a**2 + 1. Let o(i) = 7*i**2 - 2*i + 1. Let w(z) = -6*g(z) + 5*o(z). Calculate w(2).
-1
Let w(g) be the third derivative of -g**6/120 - g**5/15 - g**4/8 - g**3/2 - 20*g**2. What is w(-3)?
-3
Let m(a) = 2 - 9*a - 5*a**2 + 10 - 2*a**2 - 1 + a**3. Determine m(8).
3
Let s(k) be the first derivative of 2*k**2 - 6*k + 2. Calculate s(4).
10
Let c(l) = -7*l**2 + l. Let r be (-3)/(1/3*9). What is c(r)?
-8
Let q(o) = -5*o**2 - 3*o - 9. Let t(p) = -4*p**2 - 2*p - 8. Let h(i) = 5*q(i) - 6*t(i). Let u be 34/(-6)*(-9)/3. Let m = u - 20. Determine h(m).
3
Let c(y) = 9*y - 1. Let w(b) = -19*b + 2. Let d(x) = 13*c(x) + 6*w(x). Let l = 14 - 8. Suppose -3 = 3*i - l. Determine d(i).
2
Let q(w) = -3*w - 9. Let g(r) = r + 1. Let h(m) = 4*g(m) + q(m). Suppose 6*b - 32 = 2*b. Determine h(b).
3
Let b be -6 + 1 - (-2 + 3). Let q(d) = -d**2 - 5*d + 6. Calculate q(b).
0
Let u(a) = -a**3 - 11*a**2 - 9*a + 13. Let f be u(-10). Let h(o) = o**3 - 2*o**2 + 3*o - 4. What is h(f)?
14
Let b(y) = 2*y - 5. Suppose -3*t + 15 = -3. Give b(t).
7
Let p(t) be the third derivative of t**5/60 - 7*t**4/24 + t**3 - 2*t**2. Let y be p(4). Let o(g) = -g**2 - 6*g + 6. Give o(y).
6
Let d(s) = -s**3 - s + 7. Suppose -6 = 4*a + 2*m, 3*a = -2*m - 0 - 6. Calculate d(a).
7
Let u(w) be the first derivative of w**4/4 - 4*w**3/3 + w**2/2 - 22. What is u(3)?
-6
Let r(z) = 4*z**2 - 3. Let k(w) = 9*w**2 + w - 6. Let j(q) = -3*k(q) + 7*r(q). Let i be 15/(-6)*8/(-10). Let v be (-2)/(i/(-2) - -2). Determine j(v).
7
Let f(j) = 2 + 4*j + 0 - 2*j - 3*j. Determine f(-5).
7
Let y(i) = -2*i + 10*i - 9 - 7*i. What is y(8)?
-1
Let s(n) = n**2 - 9*n + 9. Suppose 2*d = -b - 2*d + 25, b + 5*d - 29 = 0. Give s(b).
9
Let d(n) be the third derivative of -n**6/120 - n**5/10 - 5*n**3/6 + 18*n**2. Determine d(-6).
-5
Let k(r) = r**2 + 9*r - 5. Let o(w) = -w**3 - 2*w**2 + 3*w - 3. Let x be o(-2). Determine k(x).
-5
Let x(r) = r**2 + 3*r. Let y = 18 + -2. Let n be (-6)/8 - 20/y. Determine x(n).
-2
Let t(w) = w**2 + 3*w - 1. Let h = 8 - 0. Suppose -x = 3*v + 10, 0 = v + 4*x + x + h. Calculate t(v).
-1
Suppose -4*o - 4*z = -0*z - 92, o = 4*z - 2. Let r be o/12*4/3. Let s(d) = -d - 1. Give s(r).
-3
Let s(q) = 3*q - 1. Suppose 4*l - 7 = 1. Suppose -o - 10 = 2*p, l*p - 4*o - 13 = p. Give s(p).
-10
Suppose 3*t + 42 = -5*u + 4*t, -5*u + 2*t = 44. Let y(h) = -h**3 - 7*h**2 + 7*h - 8. Give y(u).
0
Let k = -4 + 15. Suppose -2*q + 1 = k. Let y(t) = t**3 + 5*t**2 + t + 1. Give y(q).
-4
Let g(h) = -h + 2 - 2. Let t(j) = -j**3 + 3*j**2 - 2*j + 7. Let b be t(3). Determine g(b).
-1
Let i(k) = -k - 4. Let l be i(-6). Let d(z) = 2 + z + 1 - l - 2. Determine d(0).
-1
Let f(b) be the first derivative of b**4/4 + 4*b**3/3 + b**2 - 103. Let y(t) be the second derivative of -t**3/6 - t**2 + t. Let n be y(0). Calculate f(n).
4
Let d(b) be the third derivative of 0 + 0*b + 1/6*b**3 + 0*b**4 - 3*b**2 + 1/60*b**5. Determine d(2).
5
Let l(h) = 5*h**2 + 22 + 26 - h**3 + 23 - 73 + 5*h. Calculate l(6).
-8
Suppose -2*h = 3*h - 20. Suppose 6*q - 6 = 4*q. Let o(z) = 4*z**2 + 5 - 3*z + 3*z - z**q. Calculate o(h).
5
Let g(i) = -i**2 - 13*i + 5. Let d be g(-13). Let w(f) = -d - 2*f + 0*f + f**2 - 4*f. Calculate w(5).
-10
Suppose 3*a - 9 = -0*a. Let c(j) be the second derivative of -j**6/240 + j**5/40 + 2*j**4/3 + 4*j. Let r(x) be the third derivative of c(x). What is r(a)?
-6
Let q(v) = v**3 - 3*v**2 + 2*v - 2. Let j be q(2). Let x(p) = -2*p**2 - 1. Give x(j).
-9
Suppose -i - 3 = -2*i. Let f(c) = -c + 1. Let y(b) = 2*b - 1. Let w(n) = 5*f(n) + 3*y(n). Calculate w(i).
5
Let q be (-1)/8*-4*(2 + -2). Let g(p) be the third derivative of q*p + 1/24*p**4 + p**2 + 0 - 1/6*p**3. Determine g(-2).
-3
Let k(f) = -f**3 - 3*f**2 - 3*f - 3. Suppose 2*c + 9 + 5 = 0. Let d be (14/c)/(1 - 0). Determine k(d).
-1
Let g(o) = 4*o**2 + o. Let x be g(-1). Let h(a) be the first derivative of 7/3*a**x - 2 + 0*a**2 - a. Give h(1).
6
Let n be 0 - 2/(-12)*1. Let c(f) be the second derivative of 0 - n*f**3 + 3/2*f**2 + 2*f. Calculate c(5).
-2
Suppose 4 + 6 = 5*k. Let z(b) = 3 - 3 + 0*b + 3*b + 2*b**k + 3. Suppose -2*j - 4 = -0. What is z(j)?
5
Let l(s) be the first derivative of s**2 + 6 + s - 6*s - 4*s + 2*s. Give l(6).
5
Let v = 29 + -27. Let y(l) = l**3 - 2*l + 3. Determine y(v).
7
Let m(j) = -j**2 + 9*j - 9. Let v(y) = -2*y + 22. Let f be v(0). Suppose 0 = 2*d + l - 10, 3*l = 2*d - 2*l - f. Calculate m(d).
9
Let m = 0 - 3. Let v(x) = -2*x**3 + 6*x**2 + 5*x + 7. Let h(i) = i**3 - i**2 - i - 1. Let f(r) = 3*h(r) + v(r). Give f(m).
-2
Let u(p) = p**3 + 3*p**2 + p - 1. Suppose -17 - 11 = 4*f. Let x(b) = -b**3 + 4*b**2 + b. Let g be x(4). Let a = g + f. Determine u(a).
-4
Let v be ((-2)/(-6))/((-4)/36). Let n(y) = y**2 + 3*y - 3. Give n(v).
-3
Let z(c) be the second derivative of c**4/12 - 7*c**2 - 20*c. What is z(0)?
-14
Let i(w) be the second derivative of -w**4/6 - 2*w**3/3 - w**2 + w. Suppose -b + 5*b + 12 = 0. Calculate i(b).
-8
Let k(b) = b**2 + 3*b - 5. Let v = -43 + 37. Calculate k(v).
13
Let v(a) = 4*a + 0*a + a**2 - 4*a - 1 - a. Let j(s) = -11*s**2 + 6*s + 5. Let h(y) = -j(y) - 5*v(y). Calculate h(1).
5
Let b(q) = q**3 - q. Let s be b(0). Let u be (-2 + (-2 - -5))*s. Let z(t) be the second derivative of -t**5/20 - t**3/6 - 2*t**2 + 11*t. Determine z(u).
-4
Let b(h) be the second derivative of h**4/12 + h**3 + 2*h**2 + h. Calculate b(-5).
-1
Let o(z) = -5*z**2 + 5. Let k(a) = a**2 - a. Let m(q) = 4*k(q) + o(q). Determine m(4).
-27
Let b(m) = -m**2 - 5*m + 52. Let w be b(5). Let l(h) = -h**2 - 3*h + 1. Give l(w).
-9
Let p(a) = -a**3 - 5*a**2 - 4*a + 2. Let u be (-6)/4*2/3. Let t be ((-35)/(-21))/(u/(-3)). Let v be 1 - t - 1 - -1. Give p(v).
2
Let c be (-9)/5 + 